{"id":577,"date":"2024-09-10T12:06:03","date_gmt":"2024-09-10T12:06:03","guid":{"rendered":"https:\/\/verdihotels.com\/budapest\/?page_id=577"},"modified":"2025-02-18T21:51:13","modified_gmt":"2025-02-18T21:51:13","slug":"blog","status":"publish","type":"page","link":"https:\/\/verdihotels.com\/budapest\/hu\/blog\/","title":{"rendered":"Fedezze fel Budapestet"},"content":{"rendered":"<div data-elementor-type=\"wp-page\" data-elementor-id=\"577\" class=\"elementor elementor-577\" data-elementor-post-type=\"page\"><div class=\"breadcrumbs\"><span><span><a href=\"https:\/\/verdihotels.com\/budapest\/\">Home<\/a><\/span><\/span><\/div>\n\t\t\t\t<div class=\"elementor-element elementor-element-68eb7ca e-con-full e-flex e-con e-parent\" data-id=\"68eb7ca\" data-element_type=\"container\" data-e-type=\"container\" data-settings='{\"background_background\":\"classic\"}'>\n\t\t\t\t<div class=\"elementor-element elementor-element-235f64a elementor-widget elementor-widget-heading\" data-id=\"235f64a\" data-element_type=\"widget\" data-e-type=\"widget\" data-widget_type=\"heading.default\">\n\t\t\t\t<div class=\"elementor-widget-container\">\n\t\t\t\t\t<h1 class=\"elementor-heading-title elementor-size-default\">Utaz&oacute;k oldala.<\/h1>\t\t\t\t<\/div>\n\t\t\t\t<\/div>\n\t\t\t\t<div class=\"elementor-element elementor-element-5827f6c elementor-widget__width-initial elementor-widget elementor-widget-text-editor\" data-id=\"5827f6c\" data-element_type=\"widget\" data-e-type=\"widget\" data-widget_type=\"text-editor.default\">\n\t\t\t\t<div class=\"elementor-widget-container\">\n\t\t\t\t\t\t\t\t\t<p>Fedezze fel az utaz&aacute;st &ouml;szt&ouml;nz&#337; szenved&eacute;lyt, amely val&oacute;ra v&aacute;ltja azokat a t&ouml;rt&eacute;neteket, amelyek azz&aacute; tesznek benn&uuml;nket, akik vagyunk. A Verdi Budapest Aquincum a Duna ment&eacute;n, a nyugodt Margitszigetre n&eacute;z&#337;, t&ouml;rt&eacute;nelmi Bud&aacute;n tal&aacute;lhat&oacute;.<br>Sz&aacute;mos &eacute;rdekess&eacute;get fedezhet fel k&ouml;r&uuml;l&ouml;tt&uuml;nk Budapesten; helyi &eacute;lm&eacute;nyekkel &eacute;s sz&oacute;rakoz&aacute;si lehet&#337;s&eacute;gekkel teli utc&aacute;kat, szabadt&eacute;ri tev&eacute;kenys&eacute;geket, ny&uuml;zsg&#337; ny&aacute;ri fesztiv&aacute;lokat.<\/p>\t\t\t\t\t\t\t\t<\/div>\n\t\t\t\t<\/div>\n\t\t\t\t<div class=\"elementor-element elementor-element-564a06c elementor-widget elementor-widget-shortcode\" data-id=\"564a06c\" data-element_type=\"widget\" data-e-type=\"widget\" data-widget_type=\"shortcode.default\">\n\t\t\t\t<div class=\"elementor-widget-container\">\n\t\t\t\t\t\t\t<div class=\"elementor-shortcode\"><div id=\"post-grid\" data-site=\"budapest\">        <div class=\"elementor-grid-item\">\n            <div class=\"elementor-post\">\n                                    <div class=\"elementor-post__thumbnail\">\n                        <a href=\"https:\/\/verdihotels.com\/blog\/budapest-for-couples-best-places-to-visit-and-explore-together\/\">\n                            <img fetchpriority=\"high\" decoding=\"async\" width=\"800\" height=\"552\" src=\"https:\/\/verdihotels.com\/wp-content\/uploads\/2025\/11\/Budapest-for-Couples-Best-Places-to-Visit-and-Explore-Together-1024x707.jpg\" class=\"attachment-large size-large wp-post-image\" alt=\"\" srcset=\"https:\/\/verdihotels.com\/wp-content\/uploads\/2025\/11\/Budapest-for-Couples-Best-Places-to-Visit-and-Explore-Together-1024x707.jpg 1024w, https:\/\/verdihotels.com\/wp-content\/uploads\/2025\/11\/Budapest-for-Couples-Best-Places-to-Visit-and-Explore-Together-300x207.jpg 300w, https:\/\/verdihotels.com\/wp-content\/uploads\/2025\/11\/Budapest-for-Couples-Best-Places-to-Visit-and-Explore-Together-768x530.jpg 768w, https:\/\/verdihotels.com\/wp-content\/uploads\/2025\/11\/Budapest-for-Couples-Best-Places-to-Visit-and-Explore-Together-1536x1061.jpg 1536w, https:\/\/verdihotels.com\/wp-content\/uploads\/2025\/11\/Budapest-for-Couples-Best-Places-to-Visit-and-Explore-Together.jpg 1564w\" sizes=\"(max-width: 800px) 100vw, 800px\">                        <\/a>\n                    <\/div>\n                \n                <div class=\"elementor-post__content\">\n                    <h3 class=\"elementor-post__title\">\n                        <a href=\"https:\/\/verdihotels.com\/blog\/budapest-for-couples-best-places-to-visit-and-explore-together\/\">\n                            Budapest for Couples: Best Places to Visit and Explore Together                        <\/a>\n                    <\/h3>\n                    <div class=\"elementor-post__excerpt\">\n                        Budapest is a city built for two. With its romantic skyline, glowing bridges, and blissfully steamy thermal baths, it&rsquo;s no wonder couples are drawn to its charm. From hand-in-hand walks through medieval streets&hellip;                    <\/div>\n                <\/div>\n\n                <div class=\"elementor-post__link\">\n                    <a href=\"https:\/\/verdihotels.com\/blog\/budapest-for-couples-best-places-to-visit-and-explore-together\/\">\n                        Discover More                    <\/a>\n                <\/div>\n            <\/div>\n        <\/div>\n                <div class=\"elementor-grid-item\">\n            <div class=\"elementor-post\">\n                                    <div class=\"elementor-post__thumbnail\">\n                        <a href=\"https:\/\/verdihotels.com\/blog\/best-restaurants-in-budapest-for-couples-and-date-nights\/\">\n                            <img decoding=\"async\" width=\"800\" height=\"450\" src=\"https:\/\/verdihotels.com\/wp-content\/uploads\/2025\/11\/Best-Restaurants-in-Budapest-for-Couples-and-Date-Nights-edit-1024x576.jpg\" class=\"attachment-large size-large wp-post-image\" alt=\"\" srcset=\"https:\/\/verdihotels.com\/wp-content\/uploads\/2025\/11\/Best-Restaurants-in-Budapest-for-Couples-and-Date-Nights-edit-1024x576.jpg 1024w, https:\/\/verdihotels.com\/wp-content\/uploads\/2025\/11\/Best-Restaurants-in-Budapest-for-Couples-and-Date-Nights-edit-300x169.jpg 300w, https:\/\/verdihotels.com\/wp-content\/uploads\/2025\/11\/Best-Restaurants-in-Budapest-for-Couples-and-Date-Nights-edit-768x432.jpg 768w, https:\/\/verdihotels.com\/wp-content\/uploads\/2025\/11\/Best-Restaurants-in-Budapest-for-Couples-and-Date-Nights-edit-1536x864.jpg 1536w, https:\/\/verdihotels.com\/wp-content\/uploads\/2025\/11\/Best-Restaurants-in-Budapest-for-Couples-and-Date-Nights-edit.jpg 1920w\" sizes=\"(max-width: 800px) 100vw, 800px\">                        <\/a>\n                    <\/div>\n                \n                <div class=\"elementor-post__content\">\n                    <h3 class=\"elementor-post__title\">\n                        <a href=\"https:\/\/verdihotels.com\/blog\/best-restaurants-in-budapest-for-couples-and-date-nights\/\">\n                            Best Restaurants in Budapest for Couples and Date Nights                        <\/a>\n                    <\/h3>\n                    <div class=\"elementor-post__excerpt\">\n                        Few cities capture the essence of romance quite like Budapest. With its softly glowing skyline, charming cobbled streets, and rich cultural heart, it&rsquo;s a place that invites couples to slow down and savour&hellip;                    <\/div>\n                <\/div>\n\n                <div class=\"elementor-post__link\">\n                    <a href=\"https:\/\/verdihotels.com\/blog\/best-restaurants-in-budapest-for-couples-and-date-nights\/\">\n                        Discover More                    <\/a>\n                <\/div>\n            <\/div>\n        <\/div>\n                <div class=\"elementor-grid-item\">\n            <div class=\"elementor-post\">\n                                    <div class=\"elementor-post__thumbnail\">\n                        <a href=\"https:\/\/verdihotels.com\/blog\/best-views-and-caves-budapest\/\">\n                            <img decoding=\"async\" width=\"800\" height=\"534\" src=\"https:\/\/verdihotels.com\/wp-content\/uploads\/2025\/09\/Budapest-Budapests-Best-Viewpoints-and-Caves-1024x683.jpg\" class=\"attachment-large size-large wp-post-image\" alt=\"A person in a light coat takes a photo of a cityscape and river from an elevated viewpoint, with bridges and buildings visible in the distance.\" srcset=\"https:\/\/verdihotels.com\/wp-content\/uploads\/2025\/09\/Budapest-Budapests-Best-Viewpoints-and-Caves-1024x683.jpg 1024w, https:\/\/verdihotels.com\/wp-content\/uploads\/2025\/09\/Budapest-Budapests-Best-Viewpoints-and-Caves-300x200.jpg 300w, https:\/\/verdihotels.com\/wp-content\/uploads\/2025\/09\/Budapest-Budapests-Best-Viewpoints-and-Caves-768x513.jpg 768w, https:\/\/verdihotels.com\/wp-content\/uploads\/2025\/09\/Budapest-Budapests-Best-Viewpoints-and-Caves-1536x1025.jpg 1536w, https:\/\/verdihotels.com\/wp-content\/uploads\/2025\/09\/Budapest-Budapests-Best-Viewpoints-and-Caves.jpg 1618w\" sizes=\"(max-width: 800px) 100vw, 800px\">                        <\/a>\n                    <\/div>\n                \n                <div class=\"elementor-post__content\">\n                    <h3 class=\"elementor-post__title\">\n                        <a href=\"https:\/\/verdihotels.com\/blog\/best-views-and-caves-budapest\/\">\n                            A Guide to the Best Views and Caves in Budapest                        <\/a>\n                    <\/h3>\n                    <div class=\"elementor-post__excerpt\">\n                        Budapest is a city of dualities - grand architecture that reaches for the skies, and a hidden underground world shaped by nature over millennia. While most visitors marvel at the city's skyline from&hellip;                    <\/div>\n                <\/div>\n\n                <div class=\"elementor-post__link\">\n                    <a href=\"https:\/\/verdihotels.com\/blog\/best-views-and-caves-budapest\/\">\n                        Discover More                    <\/a>\n                <\/div>\n            <\/div>\n        <\/div>\n                <div class=\"elementor-grid-item\">\n            <div class=\"elementor-post\">\n                                    <div class=\"elementor-post__thumbnail\">\n                        <a href=\"https:\/\/verdihotels.com\/blog\/best-budapest-boat-tours\/\">\n                            <img loading=\"lazy\" decoding=\"async\" width=\"800\" height=\"534\" src=\"https:\/\/verdihotels.com\/wp-content\/uploads\/2025\/09\/Best-Daytime-and-Evening-Sightseeing-Boat-Tours-in-Budapest-1024x683.jpg\" class=\"attachment-large size-large wp-post-image\" alt=\"A large neo-Gothic building with a red dome sits beside a river, boats on the water, and bare tree branches in the foreground under a partly cloudy sky.\" srcset=\"https:\/\/verdihotels.com\/wp-content\/uploads\/2025\/09\/Best-Daytime-and-Evening-Sightseeing-Boat-Tours-in-Budapest-1024x683.jpg 1024w, https:\/\/verdihotels.com\/wp-content\/uploads\/2025\/09\/Best-Daytime-and-Evening-Sightseeing-Boat-Tours-in-Budapest-300x200.jpg 300w, https:\/\/verdihotels.com\/wp-content\/uploads\/2025\/09\/Best-Daytime-and-Evening-Sightseeing-Boat-Tours-in-Budapest-768x512.jpg 768w, https:\/\/verdihotels.com\/wp-content\/uploads\/2025\/09\/Best-Daytime-and-Evening-Sightseeing-Boat-Tours-in-Budapest-1536x1024.jpg 1536w, https:\/\/verdihotels.com\/wp-content\/uploads\/2025\/09\/Best-Daytime-and-Evening-Sightseeing-Boat-Tours-in-Budapest.jpg 1620w\" sizes=\"(max-width: 800px) 100vw, 800px\">                        <\/a>\n                    <\/div>\n                \n                <div class=\"elementor-post__content\">\n                    <h3 class=\"elementor-post__title\">\n                        <a href=\"https:\/\/verdihotels.com\/blog\/best-budapest-boat-tours\/\">\n                            A Guide to the Best Budapest Boat Tours (Day and Night)                        <\/a>\n                    <\/h3>\n                    <div class=\"elementor-post__excerpt\">\n                        There&rsquo;s something undeniably poetic about floating down the Danube in Budapest. The city&rsquo;s skyline - layered with Gothic spires, grand palaces, and graceful bridges - comes alive when viewed from the water. Whether&hellip;                    <\/div>\n                <\/div>\n\n                <div class=\"elementor-post__link\">\n                    <a href=\"https:\/\/verdihotels.com\/blog\/best-budapest-boat-tours\/\">\n                        Discover More                    <\/a>\n                <\/div>\n            <\/div>\n        <\/div>\n                <div class=\"elementor-grid-item\">\n            <div class=\"elementor-post\">\n                                    <div class=\"elementor-post__thumbnail\">\n                        <a href=\"https:\/\/verdihotels.com\/blog\/a-dogs-guide-to-exploring-budapest\/\">\n                            <img loading=\"lazy\" decoding=\"async\" width=\"800\" height=\"534\" src=\"https:\/\/verdihotels.com\/wp-content\/uploads\/2025\/09\/Budapest-OCo-A-Dog-Guide-to-Budapest-1024x683.jpg\" class=\"attachment-large size-large wp-post-image\" alt=\"A dog looks over a scenic cityscape with a river, bridges, and historic buildings, viewed from an elevated vantage point.\" srcset=\"https:\/\/verdihotels.com\/wp-content\/uploads\/2025\/09\/Budapest-OCo-A-Dog-Guide-to-Budapest-1024x683.jpg 1024w, https:\/\/verdihotels.com\/wp-content\/uploads\/2025\/09\/Budapest-OCo-A-Dog-Guide-to-Budapest-300x200.jpg 300w, https:\/\/verdihotels.com\/wp-content\/uploads\/2025\/09\/Budapest-OCo-A-Dog-Guide-to-Budapest-768x512.jpg 768w, https:\/\/verdihotels.com\/wp-content\/uploads\/2025\/09\/Budapest-OCo-A-Dog-Guide-to-Budapest-1536x1024.jpg 1536w, https:\/\/verdihotels.com\/wp-content\/uploads\/2025\/09\/Budapest-OCo-A-Dog-Guide-to-Budapest.jpg 1620w\" sizes=\"(max-width: 800px) 100vw, 800px\">                        <\/a>\n                    <\/div>\n                \n                <div class=\"elementor-post__content\">\n                    <h3 class=\"elementor-post__title\">\n                        <a href=\"https:\/\/verdihotels.com\/blog\/a-dogs-guide-to-exploring-budapest\/\">\n                            A Dog&rsquo;s Guide to Exploring Budapest                        <\/a>\n                    <\/h3>\n                    <div class=\"elementor-post__excerpt\">\n                        Budapest isn&rsquo;t just beautiful - it&rsquo;s tail-waggingly welcoming. With sprawling parks, scenic strolls, and a growing number of cafes and stays that cater to pets, it&rsquo;s quickly becoming one of Europe&rsquo;s most pet-friendly&hellip;                    <\/div>\n                <\/div>\n\n                <div class=\"elementor-post__link\">\n                    <a href=\"https:\/\/verdihotels.com\/blog\/a-dogs-guide-to-exploring-budapest\/\">\n                        Discover More                    <\/a>\n                <\/div>\n            <\/div>\n        <\/div>\n                <div class=\"elementor-grid-item\">\n            <div class=\"elementor-post\">\n                                    <div class=\"elementor-post__thumbnail\">\n                        <a href=\"https:\/\/verdihotels.com\/blog\/walking-tour-of-roman-aquincum\/\">\n                            <img loading=\"lazy\" decoding=\"async\" width=\"800\" height=\"534\" src=\"https:\/\/verdihotels.com\/wp-content\/uploads\/2025\/09\/Verdi-Aquicum-Walking-Tour-1024x684.jpg\" class=\"attachment-large size-large wp-post-image\" alt=\"Two ancient stone columns stand among the ruins of an archaeological site, surrounded by trees and stone walls under a partly cloudy sky.\" srcset=\"https:\/\/verdihotels.com\/wp-content\/uploads\/2025\/09\/Verdi-Aquicum-Walking-Tour-1024x684.jpg 1024w, https:\/\/verdihotels.com\/wp-content\/uploads\/2025\/09\/Verdi-Aquicum-Walking-Tour-300x200.jpg 300w, https:\/\/verdihotels.com\/wp-content\/uploads\/2025\/09\/Verdi-Aquicum-Walking-Tour-768x513.jpg 768w, https:\/\/verdihotels.com\/wp-content\/uploads\/2025\/09\/Verdi-Aquicum-Walking-Tour-1536x1026.jpg 1536w, https:\/\/verdihotels.com\/wp-content\/uploads\/2025\/09\/Verdi-Aquicum-Walking-Tour.jpg 1616w\" sizes=\"(max-width: 800px) 100vw, 800px\">                        <\/a>\n                    <\/div>\n                \n                <div class=\"elementor-post__content\">\n                    <h3 class=\"elementor-post__title\">\n                        <a href=\"https:\/\/verdihotels.com\/blog\/walking-tour-of-roman-aquincum\/\">\n                            Your 2-Hour Self-Guided Walking Tour of Roman Aquincum&nbsp;                        <\/a>\n                    <\/h3>\n                    <div class=\"elementor-post__excerpt\">\n                        Step back into a time when Budapest was part of the Roman Empire, and discover the echoes of Aquincum - once a thriving city of soldiers, merchants, and mosaic-makers. Tucked into the &Oacute;buda&hellip;                    <\/div>\n                <\/div>\n\n                <div class=\"elementor-post__link\">\n                    <a href=\"https:\/\/verdihotels.com\/blog\/walking-tour-of-roman-aquincum\/\">\n                        Discover More                    <\/a>\n                <\/div>\n            <\/div>\n        <\/div>\n        <\/div><div id=\"post-grid-spinner\"><svg width=\"24\" height=\"24\" viewbox=\"0 0 24 24\" xmlns=\"http:\/\/www.w3.org\/2000\/svg\"><g><circle cx=\"12\" cy=\"2.5\" r=\"1.5\" opacity=\".14\"><\/circle><circle cx=\"16.75\" cy=\"3.77\" r=\"1.5\" opacity=\".29\"><\/circle><circle cx=\"20.23\" cy=\"7.25\" r=\"1.5\" opacity=\".43\"><\/circle><circle cx=\"21.50\" cy=\"12.00\" r=\"1.5\" opacity=\".57\"><\/circle><circle cx=\"20.23\" cy=\"16.75\" r=\"1.5\" opacity=\".71\"><\/circle><circle cx=\"16.75\" cy=\"20.23\" r=\"1.5\" opacity=\".86\"><\/circle><circle cx=\"12\" cy=\"21.5\" r=\"1.5\"><\/circle><animatetransform attributename=\"transform\" type=\"rotate\" calcmode=\"discrete\" dur=\"0.75s\" values=\"0 12 12;30 12 12;60 12 12;90 12 12;120 12 12;150 12 12;180 12 12;210 12 12;240 12 12;270 12 12;300 12 12;330 12 12;360 12 12\" repeatcount=\"indefinite\"><\/animatetransform><\/g><\/svg><\/div><\/div>\n\t\t\t\t\t\t<\/div>\n\t\t\t\t<\/div>\n\t\t\t\t<\/div>\n\t\t\t\t<\/div>\n","protected":false},"excerpt":{"rendered":"<p>Utaz\u00f3k oldala. Fedezze fel az utaz\u00e1st \u00f6szt\u00f6nz\u0151 szenved\u00e9lyt, amely val\u00f3ra v\u00e1ltja azokat a t\u00f6rt\u00e9neteket, amelyek azz\u00e1 tesznek benn\u00fcnket, akik vagyunk. A Verdi Budapest Aquincum a Duna ment\u00e9n, a nyugodt Margitszigetre n\u00e9z\u0151, t\u00f6rt\u00e9nelmi Bud\u00e1n tal\u00e1lhat\u00f3.Sz\u00e1mos \u00e9rdekess\u00e9get fedezhet fel k\u00f6r\u00fcl\u00f6tt\u00fcnk Budapesten; helyi \u00e9lm\u00e9nyekkel \u00e9s sz\u00f3rakoz\u00e1si lehet\u0151s\u00e9gekkel teli utc\u00e1kat, szabadt\u00e9ri tev\u00e9kenys\u00e9geket, ny\u00fczsg\u0151 ny\u00e1ri fesztiv\u00e1lokat.<\/p>\n","protected":false},"author":3,"featured_media":0,"parent":0,"menu_order":40,"comment_status":"closed","ping_status":"closed","template":"","meta":{"_acf_changed":false,"footnotes":""},"class_list":["post-577","page","type-page","status-publish","hentry"],"yoast_head":"<!-- This site is optimized with the Yoast SEO plugin v27.3 - https:\/\/yoast.com\/product\/yoast-seo-wordpress\/ -->\n<title>Fedezze fel Budapestet - Verdi Budapest Aquincum<\/title>\n<meta name=\"description\" content=\"Embrace the passion of travel through handy tips and recommendations in Budapest. Explore our blog!\" \/>\n<meta name=\"robots\" content=\"index, follow, max-snippet:-1, max-image-preview:large, max-video-preview:-1\" \/>\n<link rel=\"canonical\" href=\"https:\/\/verdihotels.com\/budapest\/hu\/blog\/\" \/>\n<meta property=\"og:locale\" content=\"en_GB\" \/>\n<meta property=\"og:type\" content=\"article\" \/>\n<meta property=\"og:title\" content=\"Fedezze fel Budapestet - Verdi Budapest Aquincum\" \/>\n<meta property=\"og:description\" content=\"Embrace the passion of travel through handy tips and recommendations in Budapest. Explore our blog!\" \/>\n<meta property=\"og:url\" content=\"https:\/\/verdihotels.com\/budapest\/hu\/blog\/\" \/>\n<meta property=\"og:site_name\" content=\"Verdi Budapest Aquincum\" \/>\n<meta property=\"article:publisher\" content=\"https:\/\/www.facebook.com\/VerdiHotels\" \/>\n<meta property=\"article:modified_time\" content=\"2025-02-18T21:51:13+00:00\" \/>\n<meta name=\"twitter:card\" content=\"summary_large_image\" \/>\n<meta name=\"twitter:label1\" content=\"Estimated reading time\" \/>\n\t<meta name=\"twitter:data1\" content=\"1 minute\" \/>\n<script type=\"application\/ld+json\" class=\"yoast-schema-graph\">{\"@context\":\"https:\\\/\\\/schema.org\",\"@graph\":[{\"@type\":\"WebPage\",\"@id\":\"https:\\\/\\\/verdihotels.com\\\/budapest\\\/hu\\\/blog\\\/\",\"url\":\"https:\\\/\\\/verdihotels.com\\\/budapest\\\/hu\\\/blog\\\/\",\"name\":\"Fedezze fel Budapestet - Verdi Budapest Aquincum\",\"description\":\"Embrace the passion of travel through handy tips and recommendations in Budapest. Explore our blog!\",\"potentialAction\":[{\"@type\":\"ReadAction\",\"target\":[\"https:\\\/\\\/verdihotels.com\\\/budapest\\\/hu\\\/blog\\\/\"]}]},{\"@type\":\"BreadcrumbList\",\"@id\":\"https:\\\/\\\/verdihotels.com\\\/budapest\\\/hu\\\/blog\\\/#breadcrumb\",\"itemListElement\":[{\"@type\":\"ListItem\",\"position\":1,\"name\":\"Home\",\"item\":\"https:\\\/\\\/verdihotels.com\\\/budapest\\\/\"},{\"@type\":\"ListItem\",\"position\":2,\"name\":\"Fedezze fel Budapestet\"}]},{\"@type\":\"WebSite\",\"@id\":\"https:\\\/\\\/verdihotels.com\\\/budapest\\\/#website\",\"url\":\"https:\\\/\\\/verdihotels.com\\\/budapest\\\/\",\"name\":\"Verdi Budapest Aquincum\",\"description\":\"travelling the way it&#039;s meant to be\",\"publisher\":{\"@id\":\"https:\\\/\\\/verdihotels.com\\\/budapest\\\/#organization\"},\"potentialAction\":[{\"@type\":\"SearchAction\",\"target\":{\"@type\":\"EntryPoint\",\"urlTemplate\":\"https:\\\/\\\/verdihotels.com\\\/budapest\\\/?s={search_term_string}\"},\"query-input\":{\"@type\":\"PropertyValueSpecification\",\"valueRequired\":true,\"valueName\":\"search_term_string\"}}],\"inLanguage\":\"en-GB\"},{\"@type\":\"Organization\",\"@id\":\"https:\\\/\\\/verdihotels.com\\\/budapest\\\/#organization\",\"name\":\"Verdi Budapest Aquincum\",\"url\":\"https:\\\/\\\/verdihotels.com\\\/budapest\\\/\",\"logo\":{\"@type\":\"ImageObject\",\"inLanguage\":\"en-GB\",\"@id\":\"https:\\\/\\\/verdihotels.com\\\/budapest\\\/#\\\/schema\\\/logo\\\/image\\\/\",\"url\":\"https:\\\/\\\/verdihotels.com\\\/wp-content\\\/uploads\\\/sites\\\/2\\\/2023\\\/05\\\/Verdi-Hotels-Logo-RGB@2x.png\",\"contentUrl\":\"https:\\\/\\\/verdihotels.com\\\/wp-content\\\/uploads\\\/sites\\\/2\\\/2023\\\/05\\\/Verdi-Hotels-Logo-RGB@2x.png\",\"width\":1224,\"height\":576,\"caption\":\"Verdi Budapest Aquincum\"},\"image\":{\"@id\":\"https:\\\/\\\/verdihotels.com\\\/budapest\\\/#\\\/schema\\\/logo\\\/image\\\/\"},\"sameAs\":[\"https:\\\/\\\/www.facebook.com\\\/VerdiHotels\",\"https:\\\/\\\/www.tiktok.com\\\/@verdi_hotels\",\"https:\\\/\\\/www.instagram.com\\\/verdi_hotels\"]}]}<\/script>\n<!-- \/ Yoast SEO plugin. -->","yoast_head_json":{"title":"Fedezze fel Budapestet - Verdi Budapest Aquincum","description":"Embrace the passion of travel through handy tips and recommendations in Budapest. Explore our blog!","robots":{"index":"index","follow":"follow","max-snippet":"max-snippet:-1","max-image-preview":"max-image-preview:large","max-video-preview":"max-video-preview:-1"},"canonical":"https:\/\/verdihotels.com\/budapest\/hu\/blog\/","og_locale":"en_GB","og_type":"article","og_title":"Fedezze fel Budapestet - Verdi Budapest Aquincum","og_description":"Embrace the passion of travel through handy tips and recommendations in Budapest. Explore our blog!","og_url":"https:\/\/verdihotels.com\/budapest\/hu\/blog\/","og_site_name":"Verdi Budapest Aquincum","article_publisher":"https:\/\/www.facebook.com\/VerdiHotels","article_modified_time":"2025-02-18T21:51:13+00:00","twitter_card":"summary_large_image","twitter_misc":{"Estimated reading time":"1 minute"},"schema":{"@context":"https:\/\/schema.org","@graph":[{"@type":"WebPage","@id":"https:\/\/verdihotels.com\/budapest\/hu\/blog\/","url":"https:\/\/verdihotels.com\/budapest\/hu\/blog\/","name":"Fedezze fel Budapestet - Verdi Budapest Aquincum","description":"Embrace the passion of travel through handy tips and recommendations in Budapest. Explore our blog!","potentialAction":[{"@type":"ReadAction","target":["https:\/\/verdihotels.com\/budapest\/hu\/blog\/"]}]},{"@type":"BreadcrumbList","@id":"https:\/\/verdihotels.com\/budapest\/hu\/blog\/#breadcrumb","itemListElement":[{"@type":"ListItem","position":1,"name":"Home","item":"https:\/\/verdihotels.com\/budapest\/"},{"@type":"ListItem","position":2,"name":"Fedezze fel Budapestet"}]},{"@type":"WebSite","@id":"https:\/\/verdihotels.com\/budapest\/#website","url":"https:\/\/verdihotels.com\/budapest\/","name":"Verdi Budapest Aquincum","description":"travelling the way it&#039;s meant to be","publisher":{"@id":"https:\/\/verdihotels.com\/budapest\/#organization"},"potentialAction":[{"@type":"SearchAction","target":{"@type":"EntryPoint","urlTemplate":"https:\/\/verdihotels.com\/budapest\/?s={search_term_string}"},"query-input":{"@type":"PropertyValueSpecification","valueRequired":true,"valueName":"search_term_string"}}],"inLanguage":"en-GB"},{"@type":"Organization","@id":"https:\/\/verdihotels.com\/budapest\/#organization","name":"Verdi Budapest Aquincum","url":"https:\/\/verdihotels.com\/budapest\/","logo":{"@type":"ImageObject","inLanguage":"en-GB","@id":"https:\/\/verdihotels.com\/budapest\/#\/schema\/logo\/image\/","url":"https:\/\/verdihotels.com\/wp-content\/uploads\/sites\/2\/2023\/05\/Verdi-Hotels-Logo-RGB@2x.png","contentUrl":"https:\/\/verdihotels.com\/wp-content\/uploads\/sites\/2\/2023\/05\/Verdi-Hotels-Logo-RGB@2x.png","width":1224,"height":576,"caption":"Verdi Budapest Aquincum"},"image":{"@id":"https:\/\/verdihotels.com\/budapest\/#\/schema\/logo\/image\/"},"sameAs":["https:\/\/www.facebook.com\/VerdiHotels","https:\/\/www.tiktok.com\/@verdi_hotels","https:\/\/www.instagram.com\/verdi_hotels"]}]}},"acf":[],"lang":"hu","translations":{"hu":577,"pt":1143,"en":117,"de":590,"cs":1150,"fr":1159},"pll_sync_post":[],"_links":{"self":[{"href":"https:\/\/verdihotels.com\/budapest\/wp-json\/wp\/v2\/pages\/577","targetHints":{"allow":["GET"]}}],"collection":[{"href":"https:\/\/verdihotels.com\/budapest\/wp-json\/wp\/v2\/pages"}],"about":[{"href":"https:\/\/verdihotels.com\/budapest\/wp-json\/wp\/v2\/types\/page"}],"author":[{"embeddable":true,"href":"https:\/\/verdihotels.com\/budapest\/wp-json\/wp\/v2\/users\/3"}],"replies":[{"embeddable":true,"href":"https:\/\/verdihotels.com\/budapest\/wp-json\/wp\/v2\/comments?post=577"}],"version-history":[{"count":0,"href":"https:\/\/verdihotels.com\/budapest\/wp-json\/wp\/v2\/pages\/577\/revisions"}],"wp:attachment":[{"href":"https:\/\/verdihotels.com\/budapest\/wp-json\/wp\/v2\/media?parent=577"}],"curies":[{"name":"wp","href":"https:\/\/api.w.org\/{rel}","templated":true}]}}