{"id":1174,"date":"2025-10-15T12:35:34","date_gmt":"2025-10-15T12:35:34","guid":{"rendered":"https:\/\/verdihotels.com\/santarem\/?page_id=1174"},"modified":"2025-11-07T10:26:07","modified_gmt":"2025-11-07T10:26:07","slug":"legal-notice-complaints","status":"publish","type":"page","link":"https:\/\/verdihotels.com\/santarem\/pt\/legal-notice-complaints\/","title":{"rendered":"Legal Notice &amp; Complaints"},"content":{"rendered":"<div data-elementor-type=\"wp-page\" data-elementor-id=\"1174\" class=\"elementor elementor-1174\" data-elementor-post-type=\"page\"><div class=\"breadcrumbs\"><span><span><a href=\"https:\/\/verdihotels.com\/santarem\/\">Home<\/a><\/span><\/span><\/div>\n\t\t\t\t<div class=\"elementor-element elementor-element-ea990fa e-flex e-con-boxed e-con e-parent\" data-id=\"ea990fa\" data-element_type=\"container\" data-e-type=\"container\">\n\t\t\t\t\t<div class=\"e-con-inner\">\n\t\t\t\t<div class=\"elementor-element elementor-element-cbf3d71 elementor-widget elementor-widget-heading\" data-id=\"cbf3d71\" data-element_type=\"widget\" data-e-type=\"widget\" data-widget_type=\"heading.default\">\n\t\t\t\t<div class=\"elementor-widget-container\">\n\t\t\t\t\t<h2 class=\"elementor-heading-title elementor-size-default\">Legal Notice &amp; Complaints<\/h2>\t\t\t\t<\/div>\n\t\t\t\t<\/div>\n\t\t\t\t<div class=\"elementor-element elementor-element-0ee22b1 elementor-widget elementor-widget-text-editor\" data-id=\"0ee22b1\" data-element_type=\"widget\" data-e-type=\"widget\" data-widget_type=\"text-editor.default\">\n\t\t\t\t<div class=\"elementor-widget-container\">\n\t\t\t\t\t\t\t\t\t<p><strong>RECLAMA&Ccedil;&Otilde;ES<\/strong><\/p><p><span style=\"font-weight: 400;\">Melhoramos com os elogios, mas muito mais com as cr&iacute;ticas menos positivas.<\/span><\/p><p><span style=\"font-weight: 400;\">Tudo fazemos para que se sinta confort&aacute;vel no Hotel. Por&eacute;m, as insatisfa&ccedil;&otilde;es podem sempre acontecer. Partilhe-as connosco logo que poss&iacute;vel de forma a permitir-nos agir atempadamente. Queira contactar a Recep&ccedil;&atilde;o e\/ou o Diretor de Servi&ccedil;o.<\/span><\/p><p><span style=\"font-weight: 400;\">Verdi Santar&eacute;m aderiu ao CNIACC &ndash; Centro Nacional de Informa&ccedil;&atilde;o e Arbitragem de Conflitos de Consumo. Em caso de conflito, o Consumidor poder&aacute; recorrer a esta Entidade atrav&eacute;s do telefone 213 847 484, ou do website https:\/\/www.cniacc.pt O Santar&eacute;m Hotel disp&otilde;e de <a href=\"https:\/\/www.livroreclamacoes.pt\/Pedido\/Reclamacao\" target=\"_blank\" rel=\"noopener\">Livro de Reclama&ccedil;&otilde;es Eletr&oacute;nico.<\/a><\/span><\/p><p><span style=\"font-weight: 400;\"><strong>RNET<\/strong> <\/span><\/p><p><span style=\"font-weight: 400;\">Registo Nacional dos Empreendimentos Tur&iacute;sticos &ndash; RNET N&ordm; 3641<\/span><\/p><p><span style=\"font-weight: 400;\">Em caso de d&uacute;vidas, por favor entre em contacto connosco<\/span><\/p><p><span style=\"font-weight: 400;\">Verdi Santar&eacute;m<\/span><\/p><p><span style=\"font-weight: 400;\">Email: daniel.mota@santaremhotel.net <\/span><\/p><p><span style=\"font-weight: 400;\">Email: geral@santaremhotel.net<\/span><\/p><p><span style=\"font-weight: 400;\">Endere&ccedil;o: Av. Madre Andaluz, 2000-210 Santar&eacute;m &ndash; Portugal<\/span><\/p><p><span style=\"font-weight: 400;\">Telefone: +351 243 330 800<\/span><\/p>\t\t\t\t\t\t\t\t<\/div>\n\t\t\t\t<\/div>\n\t\t\t\t\t<\/div>\n\t\t\t\t<\/div>\n\t\t\t\t<\/div>\n","protected":false},"excerpt":{"rendered":"<p>Legal Notice &amp; Complaints RECLAMA\u00c7\u00d5ES Melhoramos com os elogios, mas muito mais com as cr\u00edticas menos positivas. Tudo fazemos para que se sinta confort\u00e1vel no Hotel. Por\u00e9m, as insatisfa\u00e7\u00f5es podem sempre acontecer. Partilhe-as connosco logo que poss\u00edvel de forma a permitir-nos agir atempadamente. Queira contactar a Recep\u00e7\u00e3o e\/ou o Diretor de Servi\u00e7o. Verdi Santar\u00e9m aderiu&hellip;<\/p>\n","protected":false},"author":6,"featured_media":0,"parent":0,"menu_order":0,"comment_status":"closed","ping_status":"closed","template":"","meta":{"_acf_changed":false,"footnotes":""},"class_list":["post-1174","page","type-page","status-publish","hentry"],"yoast_head":"<!-- This site is optimized with the Yoast SEO plugin v27.3 - https:\/\/yoast.com\/product\/yoast-seo-wordpress\/ -->\n<title>Legal Notice &amp; Complaints - Verdi Santar\u00e9m<\/title>\n<meta name=\"robots\" content=\"index, follow, max-snippet:-1, max-image-preview:large, max-video-preview:-1\" \/>\n<link rel=\"canonical\" href=\"https:\/\/verdihotels.com\/santarem\/pt\/legal-notice-complaints\/\" \/>\n<meta property=\"og:locale\" content=\"en_US\" \/>\n<meta property=\"og:type\" content=\"article\" \/>\n<meta property=\"og:title\" content=\"Legal Notice &amp; Complaints - Verdi Santar\u00e9m\" \/>\n<meta property=\"og:description\" content=\"Legal Notice &amp; Complaints RECLAMA\u00c7\u00d5ES Melhoramos com os elogios, mas muito mais com as cr\u00edticas menos positivas. Tudo fazemos para que se sinta confort\u00e1vel no Hotel. Por\u00e9m, as insatisfa\u00e7\u00f5es podem sempre acontecer. Partilhe-as connosco logo que poss\u00edvel de forma a permitir-nos agir atempadamente. Queira contactar a Recep\u00e7\u00e3o e\/ou o Diretor de Servi\u00e7o. Verdi Santar\u00e9m aderiu&hellip;\" \/>\n<meta property=\"og:url\" content=\"https:\/\/verdihotels.com\/santarem\/pt\/legal-notice-complaints\/\" \/>\n<meta property=\"og:site_name\" content=\"Verdi Santar\u00e9m\" \/>\n<meta property=\"article:publisher\" content=\"https:\/\/www.facebook.com\/VerdiHotels\" \/>\n<meta property=\"article:modified_time\" content=\"2025-11-07T10:26:07+00:00\" \/>\n<meta name=\"twitter:card\" content=\"summary_large_image\" \/>\n<meta name=\"twitter:label1\" content=\"Est. reading time\" \/>\n\t<meta name=\"twitter:data1\" content=\"1 minute\" \/>\n<script type=\"application\/ld+json\" class=\"yoast-schema-graph\">{\"@context\":\"https:\\\/\\\/schema.org\",\"@graph\":[{\"@type\":\"WebPage\",\"@id\":\"https:\\\/\\\/verdihotels.com\\\/santarem\\\/pt\\\/legal-notice-complaints\\\/\",\"url\":\"https:\\\/\\\/verdihotels.com\\\/santarem\\\/pt\\\/legal-notice-complaints\\\/\",\"name\":\"Legal Notice &amp; Complaints - Verdi Santar\u00e9m\",\"potentialAction\":[{\"@type\":\"ReadAction\",\"target\":[\"https:\\\/\\\/verdihotels.com\\\/santarem\\\/pt\\\/legal-notice-complaints\\\/\"]}]},{\"@type\":\"BreadcrumbList\",\"@id\":\"https:\\\/\\\/verdihotels.com\\\/santarem\\\/pt\\\/legal-notice-complaints\\\/#breadcrumb\",\"itemListElement\":[{\"@type\":\"ListItem\",\"position\":1,\"name\":\"Home\",\"item\":\"https:\\\/\\\/verdihotels.com\\\/santarem\\\/\"},{\"@type\":\"ListItem\",\"position\":2,\"name\":\"Legal Notice &amp; Complaints\"}]},{\"@type\":\"WebSite\",\"@id\":\"https:\\\/\\\/verdihotels.com\\\/santarem\\\/#website\",\"url\":\"https:\\\/\\\/verdihotels.com\\\/santarem\\\/\",\"name\":\"Verdi Gzira Waterfront\",\"description\":\"travelling the way it&#039;s meant to be\",\"publisher\":{\"@id\":\"https:\\\/\\\/verdihotels.com\\\/santarem\\\/#organization\"},\"potentialAction\":[{\"@type\":\"SearchAction\",\"target\":{\"@type\":\"EntryPoint\",\"urlTemplate\":\"https:\\\/\\\/verdihotels.com\\\/santarem\\\/?s={search_term_string}\"},\"query-input\":{\"@type\":\"PropertyValueSpecification\",\"valueRequired\":true,\"valueName\":\"search_term_string\"}}],\"inLanguage\":\"en-US\"},{\"@type\":\"Organization\",\"@id\":\"https:\\\/\\\/verdihotels.com\\\/santarem\\\/#organization\",\"name\":\"Verdi Gzira Waterfront\",\"url\":\"https:\\\/\\\/verdihotels.com\\\/santarem\\\/\",\"logo\":{\"@type\":\"ImageObject\",\"inLanguage\":\"en-US\",\"@id\":\"https:\\\/\\\/verdihotels.com\\\/santarem\\\/#\\\/schema\\\/logo\\\/image\\\/\",\"url\":\"https:\\\/\\\/verdihotels.com\\\/wp-content\\\/uploads\\\/sites\\\/7\\\/2023\\\/05\\\/Verdi-Hotels-Logo-RGB@2x.png\",\"contentUrl\":\"https:\\\/\\\/verdihotels.com\\\/wp-content\\\/uploads\\\/sites\\\/7\\\/2023\\\/05\\\/Verdi-Hotels-Logo-RGB@2x.png\",\"width\":1224,\"height\":576,\"caption\":\"Verdi Gzira Waterfront\"},\"image\":{\"@id\":\"https:\\\/\\\/verdihotels.com\\\/santarem\\\/#\\\/schema\\\/logo\\\/image\\\/\"},\"sameAs\":[\"https:\\\/\\\/www.facebook.com\\\/VerdiHotels\",\"https:\\\/\\\/www.tiktok.com\\\/@verdi_hotels\",\"https:\\\/\\\/www.instagram.com\\\/verdi_hotels\"]}]}<\/script>\n<!-- \/ Yoast SEO plugin. -->","yoast_head_json":{"title":"Legal Notice &amp; Complaints - Verdi Santar\u00e9m","robots":{"index":"index","follow":"follow","max-snippet":"max-snippet:-1","max-image-preview":"max-image-preview:large","max-video-preview":"max-video-preview:-1"},"canonical":"https:\/\/verdihotels.com\/santarem\/pt\/legal-notice-complaints\/","og_locale":"en_US","og_type":"article","og_title":"Legal Notice &amp; Complaints - Verdi Santar\u00e9m","og_description":"Legal Notice &amp; Complaints RECLAMA\u00c7\u00d5ES Melhoramos com os elogios, mas muito mais com as cr\u00edticas menos positivas. Tudo fazemos para que se sinta confort\u00e1vel no Hotel. Por\u00e9m, as insatisfa\u00e7\u00f5es podem sempre acontecer. Partilhe-as connosco logo que poss\u00edvel de forma a permitir-nos agir atempadamente. Queira contactar a Recep\u00e7\u00e3o e\/ou o Diretor de Servi\u00e7o. Verdi Santar\u00e9m aderiu&hellip;","og_url":"https:\/\/verdihotels.com\/santarem\/pt\/legal-notice-complaints\/","og_site_name":"Verdi Santar\u00e9m","article_publisher":"https:\/\/www.facebook.com\/VerdiHotels","article_modified_time":"2025-11-07T10:26:07+00:00","twitter_card":"summary_large_image","twitter_misc":{"Est. reading time":"1 minute"},"schema":{"@context":"https:\/\/schema.org","@graph":[{"@type":"WebPage","@id":"https:\/\/verdihotels.com\/santarem\/pt\/legal-notice-complaints\/","url":"https:\/\/verdihotels.com\/santarem\/pt\/legal-notice-complaints\/","name":"Legal Notice &amp; Complaints - Verdi Santar\u00e9m","potentialAction":[{"@type":"ReadAction","target":["https:\/\/verdihotels.com\/santarem\/pt\/legal-notice-complaints\/"]}]},{"@type":"BreadcrumbList","@id":"https:\/\/verdihotels.com\/santarem\/pt\/legal-notice-complaints\/#breadcrumb","itemListElement":[{"@type":"ListItem","position":1,"name":"Home","item":"https:\/\/verdihotels.com\/santarem\/"},{"@type":"ListItem","position":2,"name":"Legal Notice &amp; Complaints"}]},{"@type":"WebSite","@id":"https:\/\/verdihotels.com\/santarem\/#website","url":"https:\/\/verdihotels.com\/santarem\/","name":"Verdi Gzira Waterfront","description":"travelling the way it&#039;s meant to be","publisher":{"@id":"https:\/\/verdihotels.com\/santarem\/#organization"},"potentialAction":[{"@type":"SearchAction","target":{"@type":"EntryPoint","urlTemplate":"https:\/\/verdihotels.com\/santarem\/?s={search_term_string}"},"query-input":{"@type":"PropertyValueSpecification","valueRequired":true,"valueName":"search_term_string"}}],"inLanguage":"en-US"},{"@type":"Organization","@id":"https:\/\/verdihotels.com\/santarem\/#organization","name":"Verdi Gzira Waterfront","url":"https:\/\/verdihotels.com\/santarem\/","logo":{"@type":"ImageObject","inLanguage":"en-US","@id":"https:\/\/verdihotels.com\/santarem\/#\/schema\/logo\/image\/","url":"https:\/\/verdihotels.com\/wp-content\/uploads\/sites\/7\/2023\/05\/Verdi-Hotels-Logo-RGB@2x.png","contentUrl":"https:\/\/verdihotels.com\/wp-content\/uploads\/sites\/7\/2023\/05\/Verdi-Hotels-Logo-RGB@2x.png","width":1224,"height":576,"caption":"Verdi Gzira Waterfront"},"image":{"@id":"https:\/\/verdihotels.com\/santarem\/#\/schema\/logo\/image\/"},"sameAs":["https:\/\/www.facebook.com\/VerdiHotels","https:\/\/www.tiktok.com\/@verdi_hotels","https:\/\/www.instagram.com\/verdi_hotels"]}]}},"acf":[],"lang":"pt","translations":{"pt":1174,"hu":1170,"en":1169,"de":1171,"fr":1173,"cs":1175},"pll_sync_post":[],"_links":{"self":[{"href":"https:\/\/verdihotels.com\/santarem\/wp-json\/wp\/v2\/pages\/1174","targetHints":{"allow":["GET"]}}],"collection":[{"href":"https:\/\/verdihotels.com\/santarem\/wp-json\/wp\/v2\/pages"}],"about":[{"href":"https:\/\/verdihotels.com\/santarem\/wp-json\/wp\/v2\/types\/page"}],"author":[{"embeddable":true,"href":"https:\/\/verdihotels.com\/santarem\/wp-json\/wp\/v2\/users\/6"}],"replies":[{"embeddable":true,"href":"https:\/\/verdihotels.com\/santarem\/wp-json\/wp\/v2\/comments?post=1174"}],"version-history":[{"count":0,"href":"https:\/\/verdihotels.com\/santarem\/wp-json\/wp\/v2\/pages\/1174\/revisions"}],"wp:attachment":[{"href":"https:\/\/verdihotels.com\/santarem\/wp-json\/wp\/v2\/media?parent=1174"}],"curies":[{"name":"wp","href":"https:\/\/api.w.org\/{rel}","templated":true}]}}