{"id":36493,"date":"2024-11-06T12:03:59","date_gmt":"2024-11-06T12:03:59","guid":{"rendered":"https:\/\/verdihotels.com\/stgeorgesbay\/?page_id=36493"},"modified":"2025-02-18T23:33:45","modified_gmt":"2025-02-18T23:33:45","slug":"danke","status":"publish","type":"page","link":"https:\/\/verdihotels.com\/stgeorgesbay\/de\/gastronomisches-angebot\/olea-restaurant\/danke\/","title":{"rendered":"Danke"},"content":{"rendered":"<div data-elementor-type=\"wp-page\" data-elementor-id=\"36493\" class=\"elementor elementor-36493\" data-elementor-post-type=\"page\"><div class=\"breadcrumbs\"><span><span><a href=\"https:\/\/verdihotels.com\/stgeorgesbay\/\">Home<\/a><\/span><\/span><\/div>\n\t\t\t\t<div class=\"elementor-element elementor-element-ef6c0a7 e-flex e-con-boxed e-con e-parent\" data-id=\"ef6c0a7\" data-element_type=\"container\" data-e-type=\"container\">\n\t\t\t\t\t<div class=\"e-con-inner\">\n\t\t<div class=\"elementor-element elementor-element-b08ce54 e-con-full e-flex e-con e-child\" data-id=\"b08ce54\" data-element_type=\"container\" data-e-type=\"container\">\n\t\t\t\t<div class=\"elementor-element elementor-element-36206b1 elementor-widget elementor-widget-image\" data-id=\"36206b1\" data-element_type=\"widget\" data-e-type=\"widget\" data-widget_type=\"image.default\">\n\t\t\t\t<div class=\"elementor-widget-container\">\n\t\t\t\t\t\t\t\t\t\t\t\t\t\t\t<img fetchpriority=\"high\" decoding=\"async\" width=\"800\" height=\"524\" src=\"https:\/\/verdihotels.com\/wp-content\/uploads\/sites\/4\/2025\/01\/olea-logo-1024x671.png\" class=\"attachment-large size-large wp-image-36602\" alt='Stylized text \"olea\" in white serif font on a green background.' srcset=\"https:\/\/verdihotels.com\/wp-content\/uploads\/sites\/4\/2025\/01\/olea-logo-1024x671.png 1024w, https:\/\/verdihotels.com\/wp-content\/uploads\/sites\/4\/2025\/01\/olea-logo-300x197.png 300w, https:\/\/verdihotels.com\/wp-content\/uploads\/sites\/4\/2025\/01\/olea-logo-768x503.png 768w, https:\/\/verdihotels.com\/wp-content\/uploads\/sites\/4\/2025\/01\/olea-logo.png 1032w\" sizes=\"(max-width: 800px) 100vw, 800px\">\t\t\t\t\t\t\t\t\t\t\t\t\t\t\t<\/div>\n\t\t\t\t<\/div>\n\t\t\t\t<\/div>\n\t\t<div class=\"elementor-element elementor-element-fc86368 e-con-full e-flex e-con e-child\" data-id=\"fc86368\" data-element_type=\"container\" data-e-type=\"container\">\n\t\t\t\t<div class=\"elementor-element elementor-element-e71002c elementor-widget elementor-widget-heading\" data-id=\"e71002c\" data-element_type=\"widget\" data-e-type=\"widget\" data-widget_type=\"heading.default\">\n\t\t\t\t<div class=\"elementor-widget-container\">\n\t\t\t\t\t<h1 class=\"elementor-heading-title elementor-size-default\">Vielen Dank f&uuml;r Ihre Anfrage.<\/h1>\t\t\t\t<\/div>\n\t\t\t\t<\/div>\n\t\t\t\t<div class=\"elementor-element elementor-element-b78e68a elementor-widget elementor-widget-text-editor\" data-id=\"b78e68a\" data-element_type=\"widget\" data-e-type=\"widget\" data-widget_type=\"text-editor.default\">\n\t\t\t\t<div class=\"elementor-widget-container\">\n\t\t\t\t\t\t\t\t\t<p>Vielen Dank, dass Sie uns als Gastgeber f&uuml;r Ihre Veranstaltung gew&auml;hlt haben! Wir freuen uns sehr &uuml;ber Ihre Buchungsanfrage und darauf, Ihnen ein gro&szlig;artiges Erlebnis in der Verdi St. George&rsquo;s Bay Marina zu bereiten.<\/p><p>Ein Mitglied unseres engagierten Teams wird sich in K&uuml;rze mit Ihnen in Verbindung setzen, um Ihre Pl&auml;ne im Detail zu besprechen und sicherzustellen, dass jeder Aspekt Ihrer Veranstaltung individuell gestaltet wird, um sie unvergesslich zu machen. Sollten Sie in der Zwischenzeit spezielle W&uuml;nsche oder Fragen haben, z&ouml;gern Sie bitte nicht, uns zu kontaktieren.<\/p>\t\t\t\t\t\t\t\t<\/div>\n\t\t\t\t<\/div>\n\t\t\t\t<\/div>\n\t\t\t\t\t<\/div>\n\t\t\t\t<\/div>\n\t\t\t\t<\/div>\n","protected":false},"excerpt":{"rendered":"<p>Vielen Dank f\u00fcr Ihre Anfrage. Vielen Dank, dass Sie uns als Gastgeber f\u00fcr Ihre Veranstaltung gew\u00e4hlt haben! Wir freuen uns sehr \u00fcber Ihre Buchungsanfrage und darauf, Ihnen ein gro\u00dfartiges Erlebnis in der Verdi St. George&#8217;s Bay Marina zu bereiten. Ein Mitglied unseres engagierten Teams wird sich in K\u00fcrze mit Ihnen in Verbindung setzen, um Ihre&hellip;<\/p>\n","protected":false},"author":12,"featured_media":0,"parent":36384,"menu_order":0,"comment_status":"closed","ping_status":"closed","template":"","meta":{"_acf_changed":false,"footnotes":""},"class_list":["post-36493","page","type-page","status-publish","hentry"],"yoast_head":"<!-- This site is optimized with the Yoast SEO plugin v27.4 - https:\/\/yoast.com\/product\/yoast-seo-wordpress\/ -->\n<title>Danke - Verdi St. George\u2019s Bay Marina<\/title>\n<meta name=\"robots\" content=\"noindex, nofollow\" \/>\n<meta property=\"og:locale\" content=\"en_US\" \/>\n<meta property=\"og:type\" content=\"article\" \/>\n<meta property=\"og:title\" content=\"Danke - Verdi St. George\u2019s Bay Marina\" \/>\n<meta property=\"og:description\" content=\"Vielen Dank f\u00fcr Ihre Anfrage. Vielen Dank, dass Sie uns als Gastgeber f\u00fcr Ihre Veranstaltung gew\u00e4hlt haben! Wir freuen uns sehr \u00fcber Ihre Buchungsanfrage und darauf, Ihnen ein gro\u00dfartiges Erlebnis in der Verdi St. George&#8217;s Bay Marina zu bereiten. Ein Mitglied unseres engagierten Teams wird sich in K\u00fcrze mit Ihnen in Verbindung setzen, um Ihre&hellip;\" \/>\n<meta property=\"og:url\" content=\"https:\/\/verdihotels.com\/stgeorgesbay\/de\/gastronomisches-angebot\/olea-restaurant\/danke\/\" \/>\n<meta property=\"og:site_name\" content=\"Verdi St. George\u2019s Bay Marina\" \/>\n<meta property=\"article:publisher\" content=\"https:\/\/www.facebook.com\/VerdiHotels\" \/>\n<meta property=\"article:modified_time\" content=\"2025-02-18T23:33:45+00:00\" \/>\n<meta property=\"og:image\" content=\"https:\/\/verdihotels.com\/wp-content\/uploads\/sites\/4\/2025\/01\/olea-logo-1024x671.png\" \/>\n<meta name=\"twitter:card\" content=\"summary_large_image\" \/>\n<meta name=\"twitter:label1\" content=\"Est. reading time\" \/>\n\t<meta name=\"twitter:data1\" content=\"1 minute\" \/>\n<script type=\"application\/ld+json\" class=\"yoast-schema-graph\">{\"@context\":\"https:\\\/\\\/schema.org\",\"@graph\":[{\"@type\":\"WebPage\",\"@id\":\"https:\\\/\\\/verdihotels.com\\\/stgeorgesbay\\\/de\\\/gastronomisches-angebot\\\/olea-restaurant\\\/danke\\\/\",\"url\":\"https:\\\/\\\/verdihotels.com\\\/stgeorgesbay\\\/de\\\/gastronomisches-angebot\\\/olea-restaurant\\\/danke\\\/\",\"name\":\"Danke - Verdi St. George\u2019s Bay Marina\",\"image\":{\"@id\":\"https:\\\/\\\/verdihotels.com\\\/stgeorgesbay\\\/de\\\/gastronomisches-angebot\\\/olea-restaurant\\\/danke\\\/#primaryimage\"},\"potentialAction\":[{\"@type\":\"ReadAction\",\"target\":[\"https:\\\/\\\/verdihotels.com\\\/stgeorgesbay\\\/de\\\/gastronomisches-angebot\\\/olea-restaurant\\\/danke\\\/\"]}]},{\"@type\":\"ImageObject\",\"inLanguage\":\"en-US\",\"@id\":\"https:\\\/\\\/verdihotels.com\\\/stgeorgesbay\\\/de\\\/gastronomisches-angebot\\\/olea-restaurant\\\/danke\\\/#primaryimage\",\"url\":\"https:\\\/\\\/verdihotels.com\\\/wp-content\\\/uploads\\\/sites\\\/4\\\/2025\\\/01\\\/olea-logo-1024x671.png\",\"contentUrl\":\"https:\\\/\\\/verdihotels.com\\\/wp-content\\\/uploads\\\/sites\\\/4\\\/2025\\\/01\\\/olea-logo-1024x671.png\"},{\"@type\":\"BreadcrumbList\",\"@id\":\"https:\\\/\\\/verdihotels.com\\\/stgeorgesbay\\\/de\\\/gastronomisches-angebot\\\/olea-restaurant\\\/danke\\\/#breadcrumb\",\"itemListElement\":[{\"@type\":\"ListItem\",\"position\":1,\"name\":\"Home\",\"item\":\"https:\\\/\\\/verdihotels.com\\\/stgeorgesbay\\\/\"},{\"@type\":\"ListItem\",\"position\":2,\"name\":\"Gastronomisches Angebot\",\"item\":\"https:\\\/\\\/verdihotels.com\\\/stgeorgesbay\\\/de\\\/gastronomisches-angebot\\\/\"},{\"@type\":\"ListItem\",\"position\":3,\"name\":\"Olea Restaurant\",\"item\":\"https:\\\/\\\/verdihotels.com\\\/stgeorgesbay\\\/de\\\/gastronomisches-angebot\\\/olea-restaurant\\\/\"},{\"@type\":\"ListItem\",\"position\":4,\"name\":\"Danke\"}]},{\"@type\":\"WebSite\",\"@id\":\"https:\\\/\\\/verdihotels.com\\\/stgeorgesbay\\\/#website\",\"url\":\"https:\\\/\\\/verdihotels.com\\\/stgeorgesbay\\\/\",\"name\":\"Verdi St. George\u2019s Bay Marina\",\"description\":\"travelling the way it&#039;s meant to be\",\"publisher\":{\"@id\":\"https:\\\/\\\/verdihotels.com\\\/stgeorgesbay\\\/#organization\"},\"potentialAction\":[{\"@type\":\"SearchAction\",\"target\":{\"@type\":\"EntryPoint\",\"urlTemplate\":\"https:\\\/\\\/verdihotels.com\\\/stgeorgesbay\\\/?s={search_term_string}\"},\"query-input\":{\"@type\":\"PropertyValueSpecification\",\"valueRequired\":true,\"valueName\":\"search_term_string\"}}],\"inLanguage\":\"en-US\"},{\"@type\":\"Organization\",\"@id\":\"https:\\\/\\\/verdihotels.com\\\/stgeorgesbay\\\/#organization\",\"name\":\"Verdi St. George\u2019s Bay Marina\",\"url\":\"https:\\\/\\\/verdihotels.com\\\/stgeorgesbay\\\/\",\"logo\":{\"@type\":\"ImageObject\",\"inLanguage\":\"en-US\",\"@id\":\"https:\\\/\\\/verdihotels.com\\\/stgeorgesbay\\\/#\\\/schema\\\/logo\\\/image\\\/\",\"url\":\"https:\\\/\\\/verdihotels.com\\\/wp-content\\\/uploads\\\/sites\\\/4\\\/2023\\\/05\\\/Verdi-Hotels-Logo-RGB@2x.png\",\"contentUrl\":\"https:\\\/\\\/verdihotels.com\\\/wp-content\\\/uploads\\\/sites\\\/4\\\/2023\\\/05\\\/Verdi-Hotels-Logo-RGB@2x.png\",\"width\":1224,\"height\":576,\"caption\":\"Verdi St. George\u2019s Bay Marina\"},\"image\":{\"@id\":\"https:\\\/\\\/verdihotels.com\\\/stgeorgesbay\\\/#\\\/schema\\\/logo\\\/image\\\/\"},\"sameAs\":[\"https:\\\/\\\/www.facebook.com\\\/VerdiHotels\",\"https:\\\/\\\/www.tiktok.com\\\/@verdi_hotels\",\"https:\\\/\\\/www.instagram.com\\\/verdi_hotels\"]}]}<\/script>\n<!-- \/ Yoast SEO plugin. -->","yoast_head_json":{"title":"Danke - Verdi St. George\u2019s Bay Marina","robots":{"index":"noindex","follow":"nofollow"},"og_locale":"en_US","og_type":"article","og_title":"Danke - Verdi St. George\u2019s Bay Marina","og_description":"Vielen Dank f\u00fcr Ihre Anfrage. Vielen Dank, dass Sie uns als Gastgeber f\u00fcr Ihre Veranstaltung gew\u00e4hlt haben! Wir freuen uns sehr \u00fcber Ihre Buchungsanfrage und darauf, Ihnen ein gro\u00dfartiges Erlebnis in der Verdi St. George&#8217;s Bay Marina zu bereiten. Ein Mitglied unseres engagierten Teams wird sich in K\u00fcrze mit Ihnen in Verbindung setzen, um Ihre&hellip;","og_url":"https:\/\/verdihotels.com\/stgeorgesbay\/de\/gastronomisches-angebot\/olea-restaurant\/danke\/","og_site_name":"Verdi St. George\u2019s Bay Marina","article_publisher":"https:\/\/www.facebook.com\/VerdiHotels","article_modified_time":"2025-02-18T23:33:45+00:00","og_image":[{"url":"https:\/\/verdihotels.com\/wp-content\/uploads\/sites\/4\/2025\/01\/olea-logo-1024x671.png","type":"","width":"","height":""}],"twitter_card":"summary_large_image","twitter_misc":{"Est. reading time":"1 minute"},"schema":{"@context":"https:\/\/schema.org","@graph":[{"@type":"WebPage","@id":"https:\/\/verdihotels.com\/stgeorgesbay\/de\/gastronomisches-angebot\/olea-restaurant\/danke\/","url":"https:\/\/verdihotels.com\/stgeorgesbay\/de\/gastronomisches-angebot\/olea-restaurant\/danke\/","name":"Danke - Verdi St. George\u2019s Bay Marina","image":{"@id":"https:\/\/verdihotels.com\/stgeorgesbay\/de\/gastronomisches-angebot\/olea-restaurant\/danke\/#primaryimage"},"potentialAction":[{"@type":"ReadAction","target":["https:\/\/verdihotels.com\/stgeorgesbay\/de\/gastronomisches-angebot\/olea-restaurant\/danke\/"]}]},{"@type":"ImageObject","inLanguage":"en-US","@id":"https:\/\/verdihotels.com\/stgeorgesbay\/de\/gastronomisches-angebot\/olea-restaurant\/danke\/#primaryimage","url":"https:\/\/verdihotels.com\/wp-content\/uploads\/sites\/4\/2025\/01\/olea-logo-1024x671.png","contentUrl":"https:\/\/verdihotels.com\/wp-content\/uploads\/sites\/4\/2025\/01\/olea-logo-1024x671.png"},{"@type":"BreadcrumbList","@id":"https:\/\/verdihotels.com\/stgeorgesbay\/de\/gastronomisches-angebot\/olea-restaurant\/danke\/#breadcrumb","itemListElement":[{"@type":"ListItem","position":1,"name":"Home","item":"https:\/\/verdihotels.com\/stgeorgesbay\/"},{"@type":"ListItem","position":2,"name":"Gastronomisches Angebot","item":"https:\/\/verdihotels.com\/stgeorgesbay\/de\/gastronomisches-angebot\/"},{"@type":"ListItem","position":3,"name":"Olea Restaurant","item":"https:\/\/verdihotels.com\/stgeorgesbay\/de\/gastronomisches-angebot\/olea-restaurant\/"},{"@type":"ListItem","position":4,"name":"Danke"}]},{"@type":"WebSite","@id":"https:\/\/verdihotels.com\/stgeorgesbay\/#website","url":"https:\/\/verdihotels.com\/stgeorgesbay\/","name":"Verdi St. George\u2019s Bay Marina","description":"travelling the way it&#039;s meant to be","publisher":{"@id":"https:\/\/verdihotels.com\/stgeorgesbay\/#organization"},"potentialAction":[{"@type":"SearchAction","target":{"@type":"EntryPoint","urlTemplate":"https:\/\/verdihotels.com\/stgeorgesbay\/?s={search_term_string}"},"query-input":{"@type":"PropertyValueSpecification","valueRequired":true,"valueName":"search_term_string"}}],"inLanguage":"en-US"},{"@type":"Organization","@id":"https:\/\/verdihotels.com\/stgeorgesbay\/#organization","name":"Verdi St. George\u2019s Bay Marina","url":"https:\/\/verdihotels.com\/stgeorgesbay\/","logo":{"@type":"ImageObject","inLanguage":"en-US","@id":"https:\/\/verdihotels.com\/stgeorgesbay\/#\/schema\/logo\/image\/","url":"https:\/\/verdihotels.com\/wp-content\/uploads\/sites\/4\/2023\/05\/Verdi-Hotels-Logo-RGB@2x.png","contentUrl":"https:\/\/verdihotels.com\/wp-content\/uploads\/sites\/4\/2023\/05\/Verdi-Hotels-Logo-RGB@2x.png","width":1224,"height":576,"caption":"Verdi St. George\u2019s Bay Marina"},"image":{"@id":"https:\/\/verdihotels.com\/stgeorgesbay\/#\/schema\/logo\/image\/"},"sameAs":["https:\/\/www.facebook.com\/VerdiHotels","https:\/\/www.tiktok.com\/@verdi_hotels","https:\/\/www.instagram.com\/verdi_hotels"]}]}},"acf":[],"lang":"de","translations":{"de":36493,"hu":36491,"en":36476},"pll_sync_post":[],"_links":{"self":[{"href":"https:\/\/verdihotels.com\/stgeorgesbay\/wp-json\/wp\/v2\/pages\/36493","targetHints":{"allow":["GET"]}}],"collection":[{"href":"https:\/\/verdihotels.com\/stgeorgesbay\/wp-json\/wp\/v2\/pages"}],"about":[{"href":"https:\/\/verdihotels.com\/stgeorgesbay\/wp-json\/wp\/v2\/types\/page"}],"author":[{"embeddable":true,"href":"https:\/\/verdihotels.com\/stgeorgesbay\/wp-json\/wp\/v2\/users\/12"}],"replies":[{"embeddable":true,"href":"https:\/\/verdihotels.com\/stgeorgesbay\/wp-json\/wp\/v2\/comments?post=36493"}],"version-history":[{"count":0,"href":"https:\/\/verdihotels.com\/stgeorgesbay\/wp-json\/wp\/v2\/pages\/36493\/revisions"}],"up":[{"embeddable":true,"href":"https:\/\/verdihotels.com\/stgeorgesbay\/wp-json\/wp\/v2\/pages\/36384"}],"wp:attachment":[{"href":"https:\/\/verdihotels.com\/stgeorgesbay\/wp-json\/wp\/v2\/media?parent=36493"}],"curies":[{"name":"wp","href":"https:\/\/api.w.org\/{rel}","templated":true}]}}